{"id":13272,"date":"2026-02-12T15:16:22","date_gmt":"2026-02-12T18:16:22","guid":{"rendered":"https:\/\/eurotech.ar\/herramientas\/?post_type=product&#038;p=13272"},"modified":"2026-02-12T16:39:58","modified_gmt":"2026-02-12T19:39:58","slug":"bomba-hidraulica-manual-20-a-700-kg-cm2","status":"publish","type":"product","link":"https:\/\/eurotech.ar\/herramientas\/producto\/bomba-hidraulica-manual-20-a-700-kg-cm2\/","title":{"rendered":"Bomba Hidr\u00e1ulica Manual &#8211; 20 a 700 Kg\/cm2"},"content":{"rendered":"","protected":false},"excerpt":{"rendered":"<p><span data-sheets-root=\"1\">Bomba hidr\u00e1ulica manual a palanca, ideal para trabajar con cilindros hidr\u00e1ulicos telesc\u00f3picos<br \/>\n&#8211; Capacidad de aceite: 900 cc<br \/>\n&#8211; Presi\u00f3n de trabajo: 20 Kg\/cm2 (baja) &#8211; 700 Kg\/cm2 (alta)<br \/>\n&#8211; Desplazamiento de aceite: 13 cc (baja) &#8211; 2,3 cc (alta)<\/span><\/p>\n","protected":false},"featured_media":13242,"template":"","meta":[],"product_brand":[],"product_cat":[431],"product_tag":[],"class_list":{"0":"post-13272","1":"product","2":"type-product","3":"status-publish","4":"has-post-thumbnail","6":"product_cat-herramientas-especiales","8":"first","9":"instock","10":"featured","11":"shipping-taxable","12":"product-type-simple"},"yoast_head":"<!-- This site is optimized with the Yoast SEO plugin v25.3 - https:\/\/yoast.com\/wordpress\/plugins\/seo\/ -->\n<title>Bomba Hidr\u00e1ulica Manual - 20 a 700 Kg\/cm2 - Eurotech Herramientas Argentina<\/title>\n<meta name=\"robots\" content=\"index, follow, max-snippet:-1, max-image-preview:large, max-video-preview:-1\" \/>\n<link rel=\"canonical\" href=\"https:\/\/eurotech.ar\/herramientas\/producto\/bomba-hidraulica-manual-20-a-700-kg-cm2\/\" \/>\n<meta property=\"og:locale\" content=\"es_ES\" \/>\n<meta property=\"og:type\" content=\"article\" \/>\n<meta property=\"og:title\" content=\"Bomba Hidr\u00e1ulica Manual - 20 a 700 Kg\/cm2 - Eurotech Herramientas Argentina\" \/>\n<meta property=\"og:description\" content=\"Bomba hidr\u00e1ulica manual a palanca, ideal para trabajar con cilindros hidr\u00e1ulicos telesc\u00f3picos - Capacidad de aceite: 900 cc - Presi\u00f3n de trabajo: 20 Kg\/cm2 (baja) - 700 Kg\/cm2 (alta) - Desplazamiento de aceite: 13 cc (baja) - 2,3 cc (alta)\" \/>\n<meta property=\"og:url\" content=\"https:\/\/eurotech.ar\/herramientas\/producto\/bomba-hidraulica-manual-20-a-700-kg-cm2\/\" \/>\n<meta property=\"og:site_name\" content=\"Eurotech Herramientas Argentina\" \/>\n<meta property=\"article:modified_time\" content=\"2026-02-12T19:39:58+00:00\" \/>\n<meta property=\"og:image\" content=\"https:\/\/eurotech.ar\/herramientas\/wp-content\/uploads\/2026\/02\/5756_portada.jpg\" \/>\n\t<meta property=\"og:image:width\" content=\"1080\" \/>\n\t<meta property=\"og:image:height\" content=\"1080\" \/>\n\t<meta property=\"og:image:type\" content=\"image\/jpeg\" \/>\n<meta name=\"twitter:card\" content=\"summary_large_image\" \/>\n<meta name=\"twitter:label1\" content=\"Tiempo de lectura\" \/>\n\t<meta name=\"twitter:data1\" content=\"1 minuto\" \/>\n<script type=\"application\/ld+json\" class=\"yoast-schema-graph\">{\"@context\":\"https:\/\/schema.org\",\"@graph\":[{\"@type\":\"WebPage\",\"@id\":\"https:\/\/eurotech.ar\/herramientas\/producto\/bomba-hidraulica-manual-20-a-700-kg-cm2\/\",\"url\":\"https:\/\/eurotech.ar\/herramientas\/producto\/bomba-hidraulica-manual-20-a-700-kg-cm2\/\",\"name\":\"Bomba Hidr\u00e1ulica Manual - 20 a 700 Kg\/cm2 - Eurotech Herramientas Argentina\",\"isPartOf\":{\"@id\":\"https:\/\/eurotech.ar\/herramientas\/#website\"},\"primaryImageOfPage\":{\"@id\":\"https:\/\/eurotech.ar\/herramientas\/producto\/bomba-hidraulica-manual-20-a-700-kg-cm2\/#primaryimage\"},\"image\":{\"@id\":\"https:\/\/eurotech.ar\/herramientas\/producto\/bomba-hidraulica-manual-20-a-700-kg-cm2\/#primaryimage\"},\"thumbnailUrl\":\"https:\/\/eurotech.ar\/herramientas\/wp-content\/uploads\/2026\/02\/5756_portada.jpg\",\"datePublished\":\"2026-02-12T18:16:22+00:00\",\"dateModified\":\"2026-02-12T19:39:58+00:00\",\"breadcrumb\":{\"@id\":\"https:\/\/eurotech.ar\/herramientas\/producto\/bomba-hidraulica-manual-20-a-700-kg-cm2\/#breadcrumb\"},\"inLanguage\":\"es\",\"potentialAction\":[{\"@type\":\"ReadAction\",\"target\":[\"https:\/\/eurotech.ar\/herramientas\/producto\/bomba-hidraulica-manual-20-a-700-kg-cm2\/\"]}]},{\"@type\":\"ImageObject\",\"inLanguage\":\"es\",\"@id\":\"https:\/\/eurotech.ar\/herramientas\/producto\/bomba-hidraulica-manual-20-a-700-kg-cm2\/#primaryimage\",\"url\":\"https:\/\/eurotech.ar\/herramientas\/wp-content\/uploads\/2026\/02\/5756_portada.jpg\",\"contentUrl\":\"https:\/\/eurotech.ar\/herramientas\/wp-content\/uploads\/2026\/02\/5756_portada.jpg\",\"width\":1080,\"height\":1080},{\"@type\":\"BreadcrumbList\",\"@id\":\"https:\/\/eurotech.ar\/herramientas\/producto\/bomba-hidraulica-manual-20-a-700-kg-cm2\/#breadcrumb\",\"itemListElement\":[{\"@type\":\"ListItem\",\"position\":1,\"name\":\"Portada\",\"item\":\"https:\/\/eurotech.ar\/herramientas\/\"},{\"@type\":\"ListItem\",\"position\":2,\"name\":\"new shop page\",\"item\":\"https:\/\/eurotech.ar\/herramientas\/?page_id=6998\"},{\"@type\":\"ListItem\",\"position\":3,\"name\":\"Bomba Hidr\u00e1ulica Manual &#8211; 20 a 700 Kg\/cm2\"}]},{\"@type\":\"WebSite\",\"@id\":\"https:\/\/eurotech.ar\/herramientas\/#website\",\"url\":\"https:\/\/eurotech.ar\/herramientas\/\",\"name\":\"Eurotech Herramientas Argentina\",\"description\":\"Eurotech Herramientas AR\",\"potentialAction\":[{\"@type\":\"SearchAction\",\"target\":{\"@type\":\"EntryPoint\",\"urlTemplate\":\"https:\/\/eurotech.ar\/herramientas\/?s={search_term_string}\"},\"query-input\":{\"@type\":\"PropertyValueSpecification\",\"valueRequired\":true,\"valueName\":\"search_term_string\"}}],\"inLanguage\":\"es\"}]}<\/script>\n<!-- \/ Yoast SEO plugin. -->","yoast_head_json":{"title":"Bomba Hidr\u00e1ulica Manual - 20 a 700 Kg\/cm2 - Eurotech Herramientas Argentina","robots":{"index":"index","follow":"follow","max-snippet":"max-snippet:-1","max-image-preview":"max-image-preview:large","max-video-preview":"max-video-preview:-1"},"canonical":"https:\/\/eurotech.ar\/herramientas\/producto\/bomba-hidraulica-manual-20-a-700-kg-cm2\/","og_locale":"es_ES","og_type":"article","og_title":"Bomba Hidr\u00e1ulica Manual - 20 a 700 Kg\/cm2 - Eurotech Herramientas Argentina","og_description":"Bomba hidr\u00e1ulica manual a palanca, ideal para trabajar con cilindros hidr\u00e1ulicos telesc\u00f3picos - Capacidad de aceite: 900 cc - Presi\u00f3n de trabajo: 20 Kg\/cm2 (baja) - 700 Kg\/cm2 (alta) - Desplazamiento de aceite: 13 cc (baja) - 2,3 cc (alta)","og_url":"https:\/\/eurotech.ar\/herramientas\/producto\/bomba-hidraulica-manual-20-a-700-kg-cm2\/","og_site_name":"Eurotech Herramientas Argentina","article_modified_time":"2026-02-12T19:39:58+00:00","og_image":[{"width":1080,"height":1080,"url":"https:\/\/eurotech.ar\/herramientas\/wp-content\/uploads\/2026\/02\/5756_portada.jpg","type":"image\/jpeg"}],"twitter_card":"summary_large_image","twitter_misc":{"Tiempo de lectura":"1 minuto"},"schema":{"@context":"https:\/\/schema.org","@graph":[{"@type":"WebPage","@id":"https:\/\/eurotech.ar\/herramientas\/producto\/bomba-hidraulica-manual-20-a-700-kg-cm2\/","url":"https:\/\/eurotech.ar\/herramientas\/producto\/bomba-hidraulica-manual-20-a-700-kg-cm2\/","name":"Bomba Hidr\u00e1ulica Manual - 20 a 700 Kg\/cm2 - Eurotech Herramientas Argentina","isPartOf":{"@id":"https:\/\/eurotech.ar\/herramientas\/#website"},"primaryImageOfPage":{"@id":"https:\/\/eurotech.ar\/herramientas\/producto\/bomba-hidraulica-manual-20-a-700-kg-cm2\/#primaryimage"},"image":{"@id":"https:\/\/eurotech.ar\/herramientas\/producto\/bomba-hidraulica-manual-20-a-700-kg-cm2\/#primaryimage"},"thumbnailUrl":"https:\/\/eurotech.ar\/herramientas\/wp-content\/uploads\/2026\/02\/5756_portada.jpg","datePublished":"2026-02-12T18:16:22+00:00","dateModified":"2026-02-12T19:39:58+00:00","breadcrumb":{"@id":"https:\/\/eurotech.ar\/herramientas\/producto\/bomba-hidraulica-manual-20-a-700-kg-cm2\/#breadcrumb"},"inLanguage":"es","potentialAction":[{"@type":"ReadAction","target":["https:\/\/eurotech.ar\/herramientas\/producto\/bomba-hidraulica-manual-20-a-700-kg-cm2\/"]}]},{"@type":"ImageObject","inLanguage":"es","@id":"https:\/\/eurotech.ar\/herramientas\/producto\/bomba-hidraulica-manual-20-a-700-kg-cm2\/#primaryimage","url":"https:\/\/eurotech.ar\/herramientas\/wp-content\/uploads\/2026\/02\/5756_portada.jpg","contentUrl":"https:\/\/eurotech.ar\/herramientas\/wp-content\/uploads\/2026\/02\/5756_portada.jpg","width":1080,"height":1080},{"@type":"BreadcrumbList","@id":"https:\/\/eurotech.ar\/herramientas\/producto\/bomba-hidraulica-manual-20-a-700-kg-cm2\/#breadcrumb","itemListElement":[{"@type":"ListItem","position":1,"name":"Portada","item":"https:\/\/eurotech.ar\/herramientas\/"},{"@type":"ListItem","position":2,"name":"new shop page","item":"https:\/\/eurotech.ar\/herramientas\/?page_id=6998"},{"@type":"ListItem","position":3,"name":"Bomba Hidr\u00e1ulica Manual &#8211; 20 a 700 Kg\/cm2"}]},{"@type":"WebSite","@id":"https:\/\/eurotech.ar\/herramientas\/#website","url":"https:\/\/eurotech.ar\/herramientas\/","name":"Eurotech Herramientas Argentina","description":"Eurotech Herramientas AR","potentialAction":[{"@type":"SearchAction","target":{"@type":"EntryPoint","urlTemplate":"https:\/\/eurotech.ar\/herramientas\/?s={search_term_string}"},"query-input":{"@type":"PropertyValueSpecification","valueRequired":true,"valueName":"search_term_string"}}],"inLanguage":"es"}]}},"_links":{"self":[{"href":"https:\/\/eurotech.ar\/herramientas\/wp-json\/wp\/v2\/product\/13272","targetHints":{"allow":["GET"]}}],"collection":[{"href":"https:\/\/eurotech.ar\/herramientas\/wp-json\/wp\/v2\/product"}],"about":[{"href":"https:\/\/eurotech.ar\/herramientas\/wp-json\/wp\/v2\/types\/product"}],"wp:featuredmedia":[{"embeddable":true,"href":"https:\/\/eurotech.ar\/herramientas\/wp-json\/wp\/v2\/media\/13242"}],"wp:attachment":[{"href":"https:\/\/eurotech.ar\/herramientas\/wp-json\/wp\/v2\/media?parent=13272"}],"wp:term":[{"taxonomy":"product_brand","embeddable":true,"href":"https:\/\/eurotech.ar\/herramientas\/wp-json\/wp\/v2\/product_brand?post=13272"},{"taxonomy":"product_cat","embeddable":true,"href":"https:\/\/eurotech.ar\/herramientas\/wp-json\/wp\/v2\/product_cat?post=13272"},{"taxonomy":"product_tag","embeddable":true,"href":"https:\/\/eurotech.ar\/herramientas\/wp-json\/wp\/v2\/product_tag?post=13272"}],"curies":[{"name":"wp","href":"https:\/\/api.w.org\/{rel}","templated":true}]}}